{"id":62,"date":"2025-03-15T15:59:42","date_gmt":"2025-03-15T15:59:42","guid":{"rendered":"https:\/\/villa-belle-rive.com\/?page_id=62"},"modified":"2025-03-24T12:30:44","modified_gmt":"2025-03-24T12:30:44","slug":"bienvenue","status":"publish","type":"page","link":"https:\/\/villa-belle-rive.com\/?page_id=62","title":{"rendered":"Bienvenue"},"content":{"rendered":"\n<p>Merci de votre int\u00e9r\u00eat pour la Villa Belle Rive. Notre b\u00e2tisse, ainsi que ses d\u00e9pendances datent de 1863. La villa a \u00e9t\u00e9 transform\u00e9e au fil des ann\u00e9es tout en veillant \u00e0 pr\u00e9server son atmosph\u00e8re de la Belle Epoque.<br>Plomberie,&nbsp; chauffage et \u00e9lectricit\u00e9 ont \u00e9t\u00e9 modernis\u00e9s toujours dans le souci de conserver l&#8217;\u00e2me d&#8217;antan. Si vous \u00eates en qu\u00eate d&#8217;une exp\u00e9rience authentique, vous \u00eates au bon endroit&nbsp;!<\/p>\n\n\n\n\n<figure class=\"wp-block-gallery has-nested-images columns-default is-cropped wp-block-gallery-1 is-layout-flex wp-block-gallery-is-layout-flex\">\n<figure class=\"wp-block-image size-large\"><img loading=\"lazy\" decoding=\"async\" width=\"1024\" height=\"776\" data-id=\"40\" src=\"https:\/\/villa-belle-rive.com\/wp-content\/uploads\/2025\/03\/villa3-1024x776.jpg\" alt=\"\" class=\"wp-image-40\" srcset=\"https:\/\/villa-belle-rive.com\/wp-content\/uploads\/2025\/03\/villa3-1024x776.jpg 1024w, https:\/\/villa-belle-rive.com\/wp-content\/uploads\/2025\/03\/villa3-300x227.jpg 300w, https:\/\/villa-belle-rive.com\/wp-content\/uploads\/2025\/03\/villa3-768x582.jpg 768w, https:\/\/villa-belle-rive.com\/wp-content\/uploads\/2025\/03\/villa3-1000x758.jpg 1000w, https:\/\/villa-belle-rive.com\/wp-content\/uploads\/2025\/03\/villa3-230x174.jpg 230w, https:\/\/villa-belle-rive.com\/wp-content\/uploads\/2025\/03\/villa3-350x265.jpg 350w, https:\/\/villa-belle-rive.com\/wp-content\/uploads\/2025\/03\/villa3-480x364.jpg 480w, https:\/\/villa-belle-rive.com\/wp-content\/uploads\/2025\/03\/villa3.jpg 1055w\" sizes=\"auto, (max-width: 1024px) 100vw, 1024px\" \/><\/figure>\n\n\n\n<figure class=\"wp-block-image size-large\"><img loading=\"lazy\" decoding=\"async\" width=\"1024\" height=\"776\" data-id=\"39\" src=\"https:\/\/villa-belle-rive.com\/wp-content\/uploads\/2025\/03\/villa2-1024x776.jpg\" alt=\"\" class=\"wp-image-39\" srcset=\"https:\/\/villa-belle-rive.com\/wp-content\/uploads\/2025\/03\/villa2-1024x776.jpg 1024w, https:\/\/villa-belle-rive.com\/wp-content\/uploads\/2025\/03\/villa2-300x227.jpg 300w, https:\/\/villa-belle-rive.com\/wp-content\/uploads\/2025\/03\/villa2-768x582.jpg 768w, https:\/\/villa-belle-rive.com\/wp-content\/uploads\/2025\/03\/villa2-1000x758.jpg 1000w, https:\/\/villa-belle-rive.com\/wp-content\/uploads\/2025\/03\/villa2-230x174.jpg 230w, https:\/\/villa-belle-rive.com\/wp-content\/uploads\/2025\/03\/villa2-350x265.jpg 350w, https:\/\/villa-belle-rive.com\/wp-content\/uploads\/2025\/03\/villa2-480x364.jpg 480w, https:\/\/villa-belle-rive.com\/wp-content\/uploads\/2025\/03\/villa2.jpg 1055w\" sizes=\"auto, (max-width: 1024px) 100vw, 1024px\" \/><\/figure>\n\n\n\n<figure class=\"wp-block-image size-large\"><img loading=\"lazy\" decoding=\"async\" width=\"1024\" height=\"776\" data-id=\"41\" src=\"https:\/\/villa-belle-rive.com\/wp-content\/uploads\/2025\/03\/villa4-1024x776.jpg\" alt=\"\" class=\"wp-image-41\" srcset=\"https:\/\/villa-belle-rive.com\/wp-content\/uploads\/2025\/03\/villa4-1024x776.jpg 1024w, https:\/\/villa-belle-rive.com\/wp-content\/uploads\/2025\/03\/villa4-300x227.jpg 300w, https:\/\/villa-belle-rive.com\/wp-content\/uploads\/2025\/03\/villa4-768x582.jpg 768w, https:\/\/villa-belle-rive.com\/wp-content\/uploads\/2025\/03\/villa4-1000x758.jpg 1000w, https:\/\/villa-belle-rive.com\/wp-content\/uploads\/2025\/03\/villa4-230x174.jpg 230w, https:\/\/villa-belle-rive.com\/wp-content\/uploads\/2025\/03\/villa4-350x265.jpg 350w, https:\/\/villa-belle-rive.com\/wp-content\/uploads\/2025\/03\/villa4-480x364.jpg 480w, https:\/\/villa-belle-rive.com\/wp-content\/uploads\/2025\/03\/villa4.jpg 1055w\" sizes=\"auto, (max-width: 1024px) 100vw, 1024px\" \/><\/figure>\n<\/figure>\n\n\n\nL&#8217;emplacement de la Villa Belle Rive est id\u00e9al pour explorer la C\u00f4te d&#8217;Azur avec un arr\u00eat de bus situ\u00e9 \u00e0 50 m\u00e8tres, la gare \u00e0 200 m\u00e8tres et l&#8217;acc\u00e8s \u00e0 l&#8217;autoroute \u00e0 4 km. Nous sommes non seulement bien desservis par les transports en commun mais aussi par l&#8217;acc\u00e8s \u00e0 la plage situ\u00e9e, \u00e0 seulement 50 m\u00e8tres. Vous trouverez des restaurants et des boutiques \u00e0 Cannes la Bocca, \u00e0 environ 500 m\u00e8tres.<br>Si vous venez \u00e0 Cannes pour une exposition ou des motifs professionnels, le bus et le train proposent des liaisons rapides, fr\u00e9quentes et efficaces. En longeant la plage avec une vue de premier plan sur la c\u00f4te de l&#8217;Esterel, vous rejoindrez les expositions et Cannes en 20 minutes.\n\n\n\n\n<figure class=\"wp-block-image size-large\"><img loading=\"lazy\" decoding=\"async\" width=\"1024\" height=\"420\" src=\"https:\/\/villa-belle-rive.com\/wp-content\/uploads\/2025\/03\/map-1-1024x420.jpg\" alt=\"\" class=\"wp-image-47\" srcset=\"https:\/\/villa-belle-rive.com\/wp-content\/uploads\/2025\/03\/map-1-1024x420.jpg 1024w, https:\/\/villa-belle-rive.com\/wp-content\/uploads\/2025\/03\/map-1-300x123.jpg 300w, https:\/\/villa-belle-rive.com\/wp-content\/uploads\/2025\/03\/map-1-768x315.jpg 768w, https:\/\/villa-belle-rive.com\/wp-content\/uploads\/2025\/03\/map-1-1536x631.jpg 1536w, https:\/\/villa-belle-rive.com\/wp-content\/uploads\/2025\/03\/map-1-1000x411.jpg 1000w, https:\/\/villa-belle-rive.com\/wp-content\/uploads\/2025\/03\/map-1-230x94.jpg 230w, https:\/\/villa-belle-rive.com\/wp-content\/uploads\/2025\/03\/map-1-350x144.jpg 350w, https:\/\/villa-belle-rive.com\/wp-content\/uploads\/2025\/03\/map-1-480x197.jpg 480w, https:\/\/villa-belle-rive.com\/wp-content\/uploads\/2025\/03\/map-1.jpg 1600w\" sizes=\"auto, (max-width: 1024px) 100vw, 1024px\" \/><\/figure>\n\n\n\n<p>Pour toute\u00a0 r\u00e9servation, nous vous invitons \u00e0 nous contacter \u00e0 l&#8217;adresse mail suivante : <a href=\"mailto:info@villa-belle-rive.com\">info@villa-belle-rive.com<\/a> pour conna\u00eetre les disponibilit\u00e9s et nos tarifs en vigueur. Merci de nous pr\u00e9ciser vos dates de s\u00e9jour, le nombre de personnes et les <a href=\"https:\/\/villa-belle-rive.com\/?page_id=66\" data-type=\"page\" data-id=\"66\">chambres <\/a>susceptibles de vous int\u00e9resser.<br><\/p>\n\n\n\n<p><\/p>\n","protected":false},"excerpt":{"rendered":"<p>Merci de votre int\u00e9r\u00eat pour la Villa Belle Rive. Notre b\u00e2tisse, ainsi que ses d\u00e9pendances datent de 1863. La villa a \u00e9t\u00e9 [&hellip;]<\/p>\n","protected":false},"author":1,"featured_media":0,"parent":0,"menu_order":0,"comment_status":"closed","ping_status":"closed","template":"page-templates\/page_fullwidth.php","meta":{"pagelayer_contact_templates":[],"_pagelayer_content":"","footnotes":""},"class_list":["post-62","page","type-page","status-publish","hentry"],"_links":{"self":[{"href":"https:\/\/villa-belle-rive.com\/index.php?rest_route=\/wp\/v2\/pages\/62","targetHints":{"allow":["GET"]}}],"collection":[{"href":"https:\/\/villa-belle-rive.com\/index.php?rest_route=\/wp\/v2\/pages"}],"about":[{"href":"https:\/\/villa-belle-rive.com\/index.php?rest_route=\/wp\/v2\/types\/page"}],"author":[{"embeddable":true,"href":"https:\/\/villa-belle-rive.com\/index.php?rest_route=\/wp\/v2\/users\/1"}],"replies":[{"embeddable":true,"href":"https:\/\/villa-belle-rive.com\/index.php?rest_route=%2Fwp%2Fv2%2Fcomments&post=62"}],"version-history":[{"count":10,"href":"https:\/\/villa-belle-rive.com\/index.php?rest_route=\/wp\/v2\/pages\/62\/revisions"}],"predecessor-version":[{"id":329,"href":"https:\/\/villa-belle-rive.com\/index.php?rest_route=\/wp\/v2\/pages\/62\/revisions\/329"}],"wp:attachment":[{"href":"https:\/\/villa-belle-rive.com\/index.php?rest_route=%2Fwp%2Fv2%2Fmedia&parent=62"}],"curies":[{"name":"wp","href":"https:\/\/api.w.org\/{rel}","templated":true}]}}