{"id":264,"date":"2025-03-19T14:34:56","date_gmt":"2025-03-19T14:34:56","guid":{"rendered":"https:\/\/villa-belle-rive.com\/?page_id=264"},"modified":"2025-03-24T12:28:44","modified_gmt":"2025-03-24T12:28:44","slug":"praktische-informationen","status":"publish","type":"page","link":"https:\/\/villa-belle-rive.com\/?page_id=264","title":{"rendered":"Praktische Informationen"},"content":{"rendered":"\n\n<p>Beachten Sie bei Ihrer Anreise zur Villa Belle Rive unsere Adresse:<\/p>\n\n\n\n<p>95 Avenue du Dr Raymond Picaud<br>06150 Cannes la Bocca<\/p>\n\n\n\n<p>Halten Sie Ausschau nach dem Wandgem\u00e4lde aus dem Film \u201eVom Winde verweht\u201c. Unser Eingangstor befindet sich direkt darunter. Klingeln Sie bitte bei &#8220;Rezeption&#8221;. Ein Bild des Wandgem\u00e4ldes finden Sie unten auf dieser Seite.<\/p>\n\n\n\n<p>Wenn Sie am Flughafen Nizza ankommen, k\u00f6nnen Sie den Expressbus Nr. 81 zum Hauptbahnhof Cannes nehmen. Dieser Bus f\u00e4hrt vom Terminal 2 ab. Dort angekommen (oder wenn Sie mit dem Zug anreisen) steigen Sie in den Stadtbus Nr. 1 oder 2 um und steigen an der Haltestelle \u201eLe M\u00e9ridien\u201c aus, die etwa 50 Meter von unserem Haus entfernt liegt.<\/p>\n\n\n\n<p>Sie k\u00f6nnen auch mit dem Zug anreisen und am Bahnhof \u201eCannes la Bocca\u201c aussteigen. M\u00f6glicherweise m\u00fcssen Sie jedoch umsteigen, um dorthin zu gelangen. Es gibt nur wenige direkte Z\u00fcge von Saint Isodore (dem Bahnhof in der N\u00e4he des Flughafens) nach Cannes la Bocca. Der Bahnhof Cannes la Bocca liegt nur 200 Meter von der Villa Belle Rive entfernt. Gehen Sie dort die Hauptstrasse hinauf und biegen Sie rechts ab.<\/p>\n\n\n\n<p><\/p>\n\n\n\n\n<figure class=\"wp-block-image size-full\"><img loading=\"lazy\" decoding=\"async\" width=\"666\" height=\"963\" src=\"https:\/\/villa-belle-rive.com\/wp-content\/uploads\/2025\/03\/Mural.png\" alt=\"\" class=\"wp-image-270\" srcset=\"https:\/\/villa-belle-rive.com\/wp-content\/uploads\/2025\/03\/Mural.png 666w, https:\/\/villa-belle-rive.com\/wp-content\/uploads\/2025\/03\/Mural-207x300.png 207w, https:\/\/villa-belle-rive.com\/wp-content\/uploads\/2025\/03\/Mural-230x333.png 230w, https:\/\/villa-belle-rive.com\/wp-content\/uploads\/2025\/03\/Mural-350x506.png 350w, https:\/\/villa-belle-rive.com\/wp-content\/uploads\/2025\/03\/Mural-480x694.png 480w\" sizes=\"auto, (max-width: 666px) 100vw, 666px\" \/><\/figure>\n","protected":false},"excerpt":{"rendered":"","protected":false},"author":1,"featured_media":0,"parent":0,"menu_order":0,"comment_status":"closed","ping_status":"closed","template":"page-templates\/page_fullwidth.php","meta":{"pagelayer_contact_templates":[],"_pagelayer_content":"","footnotes":""},"class_list":["post-264","page","type-page","status-publish","hentry"],"_links":{"self":[{"href":"https:\/\/villa-belle-rive.com\/index.php?rest_route=\/wp\/v2\/pages\/264","targetHints":{"allow":["GET"]}}],"collection":[{"href":"https:\/\/villa-belle-rive.com\/index.php?rest_route=\/wp\/v2\/pages"}],"about":[{"href":"https:\/\/villa-belle-rive.com\/index.php?rest_route=\/wp\/v2\/types\/page"}],"author":[{"embeddable":true,"href":"https:\/\/villa-belle-rive.com\/index.php?rest_route=\/wp\/v2\/users\/1"}],"replies":[{"embeddable":true,"href":"https:\/\/villa-belle-rive.com\/index.php?rest_route=%2Fwp%2Fv2%2Fcomments&post=264"}],"version-history":[{"count":4,"href":"https:\/\/villa-belle-rive.com\/index.php?rest_route=\/wp\/v2\/pages\/264\/revisions"}],"predecessor-version":[{"id":327,"href":"https:\/\/villa-belle-rive.com\/index.php?rest_route=\/wp\/v2\/pages\/264\/revisions\/327"}],"wp:attachment":[{"href":"https:\/\/villa-belle-rive.com\/index.php?rest_route=%2Fwp%2Fv2%2Fmedia&parent=264"}],"curies":[{"name":"wp","href":"https:\/\/api.w.org\/{rel}","templated":true}]}}