{"id":112,"date":"2025-03-16T12:09:53","date_gmt":"2025-03-16T12:09:53","guid":{"rendered":"https:\/\/villa-belle-rive.com\/?page_id=112"},"modified":"2025-03-24T13:56:42","modified_gmt":"2025-03-24T13:56:42","slug":"notre-offre","status":"publish","type":"page","link":"https:\/\/villa-belle-rive.com\/?page_id=112","title":{"rendered":"Notre offre"},"content":{"rendered":"\n\nUne oasis au c\u0153ur de b\u00e2timents modernes avec piscine (en \u00e9t\u00e9) et acc\u00e8s direct \u00e0 la plage. Construite en 1863, notre villa date de la Belle \u00c9poque (fin19\u00e8me\/d\u00e9but 20\u00e8me si\u00e8cle) et a \u00e9t\u00e9 en grande partie conserv\u00e9e dans son \u00e9tat d&#8217;origine.\n\n\n\nUn environnement calme et d\u00e9tendu. Aussi, les f\u00eates ne sont pas autoris\u00e9es et des heures de silence sont impos\u00e9es en nocturne.\n\n\n\nEn tant que maison d&#8217;h\u00f4tes, nous vous offrons le charme d&#8217;un contact personnalis\u00e9 au sein d&#8217;une petite communaut\u00e9 compos\u00e9e de membres du personnel et d&#8217;autres clients. Cependant, nous ne sommes pas en mesure de proposer des prestations \u00e9quivalentes \u00e0 celles des h\u00f4tels.<br>\u2022 Les heures d&#8217;arriv\u00e9e et de d\u00e9part sont souples : &nbsp;&nbsp;&nbsp;&nbsp;&nbsp; * Arriv\u00e9es : entre 16h et&nbsp;20h.<br>\u2022 Les heures de d\u00e9part : &nbsp;&nbsp;&nbsp;&nbsp;&nbsp; * Chambres \u00e0 lib\u00e9rer entre&nbsp;7h et 10h.<br>Si vous arrivez t\u00f4t ou si vous souhaitez profiter de votre temps libre apr\u00e8s avoir quitt\u00e9 votre chambre, nous serons bien s\u00fbr \u00e0 votre enti\u00e8re disposition pour prendre vos bagages en d\u00e9p\u00f4t durant quelques heures.\n\n\n\nUn r\u00e9frig\u00e9rateur et une bouilloire sont \u00e0 votre disposition dans votre chambre pour vos boissons et rafra\u00eechissements personnels. A votre arriv\u00e9e, caf\u00e9 en dosette, th\u00e9,&nbsp; lait et sucre sont mis \u00e0 votre disposition. Une fois ceux-ci consomm\u00e9s. Nous vous invitons \u00e0 faire votre r\u00e9approvisionnement personnel en centre-ville, et \u00e0 votre convenance.\n\n\n\nChauffage en hiver et ventilateur en \u00e9t\u00e9. Notre villa n&#8217;est pas pourvue d&#8217;un dispositif de climatisation. Si vous \u00eates particuli\u00e8rement sensible \u00e0 la chaleur, nous vous invitons \u00e0 choisir un autre h\u00e9bergement \u00e0 Cannes, davantage adapt\u00e9 \u00e0 vos besoins. La C\u00f4te d&#8217;Azur est r\u00e9put\u00e9e&nbsp;pour ses \u00e9t\u00e9s&nbsp;particuli\u00e8rement chauds.\n\n\n\nM\u00e9nage et autres services sont \u00e0 la carte. Le m\u00e9nage et le changement de draps et\/ou de serviettes viennent en sus du prix standard. Il vous appartient de nous communiquer quand le m\u00e9nage doit \u00eatre fait dans votre chambre . Les tarifs des diff\u00e9rents services sont indiqu\u00e9s dans le r\u00e8glement int\u00e9rieur de votre chambre.\n\n\n\nPetit-d\u00e9jeuner compos\u00e9 principalement de produits faits maison. Nous confectionnons notre pain, nos yaourts, notre muesli et nos confitures maison. Les produits que nous ne produisons pas nous-m\u00eames, comme les fruits, le fromage et le jambon, sont achet\u00e9s en qualit\u00e9 bio. Le prix du petit-d\u00e9jeuner est indiqu\u00e9 dans notre liste de prix.\n\n\n\nLe Wi-Fi est disponible dans les espaces communs pendant les heures d&#8217;ouverture. Les chambres des ailes Est, Ouest et Sud b\u00e9n\u00e9ficient d&#8217;un acc\u00e8s Wi-Fi 24h\/24 et 7j\/7. En cas de n\u00e9cessaire connexion Wi-Fi permanente, il est pr\u00e9f\u00e9rable d&#8217;opter pour l&#8217;une de ces trois chambres.\n\n\n\nNous demandons un d\u00e9p\u00f4t de garantie \u00e0 nos clients \u00e0 leur arriv\u00e9e. Le montant de cette caution est de 200 euros, en esp\u00e8ces, qui leur est restitu\u00e9e au moment de leur d\u00e9part.\n\n\n\nNous disposons d&#8217;un parking payant sur place \u00e0 la Villa o\u00f9 le stationnement est r\u00e9serv\u00e9 aux voitures citadines de taille standard. Le nombre de places \u00e9tant limit\u00e9, merci de r\u00e9server votre place \u00e0 l&#8217;avance. Un parking public gratuit est disponible \u00e0 proximit\u00e9 imm\u00e9diate de notre maison d&#8217;h\u00f4tes. Et vous trouverez probablement \u00e0 stationner&nbsp; gratuitement dans un rayon de 200 m\u00e8tres.\n\n\n\nNos vastes espaces verts arbor\u00e9s et jardins am\u00e9nag\u00e9s sont \u00e0 votre disposition pour en profiter pleinement. Vous y trouverez diff\u00e9rentes ambiances pour vous y reposer ou travailler, en profitant du paysage du sud enchanteur, avec ses variations de lumi\u00e8re au cours de la journ\u00e9e, qui ont inspir\u00e9 tant de peintres c\u00e9l\u00e8bres.\n\n\n\n\n<figure class=\"wp-block-gallery has-nested-images columns-default is-cropped wp-block-gallery-1 is-layout-flex wp-block-gallery-is-layout-flex\">\n<figure class=\"wp-block-image size-large\"><img loading=\"lazy\" decoding=\"async\" width=\"600\" height=\"484\" data-id=\"147\" src=\"https:\/\/villa-belle-rive.com\/wp-content\/uploads\/2025\/03\/Garden3.png\" alt=\"\" class=\"wp-image-147\" srcset=\"https:\/\/villa-belle-rive.com\/wp-content\/uploads\/2025\/03\/Garden3.png 600w, https:\/\/villa-belle-rive.com\/wp-content\/uploads\/2025\/03\/Garden3-300x242.png 300w, https:\/\/villa-belle-rive.com\/wp-content\/uploads\/2025\/03\/Garden3-230x186.png 230w, https:\/\/villa-belle-rive.com\/wp-content\/uploads\/2025\/03\/Garden3-350x282.png 350w, https:\/\/villa-belle-rive.com\/wp-content\/uploads\/2025\/03\/Garden3-480x387.png 480w\" sizes=\"auto, (max-width: 600px) 100vw, 600px\" \/><\/figure>\n\n\n\n<figure class=\"wp-block-image size-large\"><img loading=\"lazy\" decoding=\"async\" width=\"600\" height=\"484\" data-id=\"146\" src=\"https:\/\/villa-belle-rive.com\/wp-content\/uploads\/2025\/03\/Garden1.png\" alt=\"\" class=\"wp-image-146\" srcset=\"https:\/\/villa-belle-rive.com\/wp-content\/uploads\/2025\/03\/Garden1.png 600w, https:\/\/villa-belle-rive.com\/wp-content\/uploads\/2025\/03\/Garden1-300x242.png 300w, https:\/\/villa-belle-rive.com\/wp-content\/uploads\/2025\/03\/Garden1-230x186.png 230w, https:\/\/villa-belle-rive.com\/wp-content\/uploads\/2025\/03\/Garden1-350x282.png 350w, https:\/\/villa-belle-rive.com\/wp-content\/uploads\/2025\/03\/Garden1-480x387.png 480w\" sizes=\"auto, (max-width: 600px) 100vw, 600px\" \/><\/figure>\n\n\n\n<figure class=\"wp-block-image size-large\"><img loading=\"lazy\" decoding=\"async\" width=\"600\" height=\"484\" data-id=\"145\" src=\"https:\/\/villa-belle-rive.com\/wp-content\/uploads\/2025\/03\/Garden2.png\" alt=\"\" class=\"wp-image-145\" srcset=\"https:\/\/villa-belle-rive.com\/wp-content\/uploads\/2025\/03\/Garden2.png 600w, https:\/\/villa-belle-rive.com\/wp-content\/uploads\/2025\/03\/Garden2-300x242.png 300w, https:\/\/villa-belle-rive.com\/wp-content\/uploads\/2025\/03\/Garden2-230x186.png 230w, https:\/\/villa-belle-rive.com\/wp-content\/uploads\/2025\/03\/Garden2-350x282.png 350w, https:\/\/villa-belle-rive.com\/wp-content\/uploads\/2025\/03\/Garden2-480x387.png 480w\" sizes=\"auto, (max-width: 600px) 100vw, 600px\" \/><\/figure>\n<\/figure>\n\n\n\n<p>Suivez <a href=\"https:\/\/villa-belle-rive.com\/wp-content\/uploads\/2025\/03\/PriceList2025Web.pdf\">ce lien<\/a> pour acc\u00e9der \u00e0 notre liste de prix actuelle. Une fois votre <a href=\"https:\/\/villa-belle-rive.com\/?page_id=66\" data-type=\"page\" data-id=\"66\">choix effectu\u00e9<\/a>, contactez-nous \u00e0 l&#8217;adresse <a href=\"mailto:info@villa-belle-rive.com\">info@villa-belle-rive.com<\/a> ou par t\u00e9l\u00e9phone au +33624571275. Nous serons ravis de vous accueillir chez nous\u00a0!<\/p>\n\n\n\n<p id=\"tw-target-text\"><\/p>\n\n\n\n<p><\/p>\n","protected":false},"excerpt":{"rendered":"<p>Suivez ce lien pour acc\u00e9der \u00e0 notre liste de prix actuelle. Une fois votre choix effectu\u00e9, contactez-nous \u00e0 l&#8217;adresse info@villa-belle-rive.com ou par [&hellip;]<\/p>\n","protected":false},"author":1,"featured_media":0,"parent":0,"menu_order":0,"comment_status":"closed","ping_status":"closed","template":"page-templates\/page_fullwidth.php","meta":{"pagelayer_contact_templates":[],"_pagelayer_content":"","footnotes":""},"class_list":["post-112","page","type-page","status-publish","hentry"],"_links":{"self":[{"href":"https:\/\/villa-belle-rive.com\/index.php?rest_route=\/wp\/v2\/pages\/112","targetHints":{"allow":["GET"]}}],"collection":[{"href":"https:\/\/villa-belle-rive.com\/index.php?rest_route=\/wp\/v2\/pages"}],"about":[{"href":"https:\/\/villa-belle-rive.com\/index.php?rest_route=\/wp\/v2\/types\/page"}],"author":[{"embeddable":true,"href":"https:\/\/villa-belle-rive.com\/index.php?rest_route=\/wp\/v2\/users\/1"}],"replies":[{"embeddable":true,"href":"https:\/\/villa-belle-rive.com\/index.php?rest_route=%2Fwp%2Fv2%2Fcomments&post=112"}],"version-history":[{"count":7,"href":"https:\/\/villa-belle-rive.com\/index.php?rest_route=\/wp\/v2\/pages\/112\/revisions"}],"predecessor-version":[{"id":338,"href":"https:\/\/villa-belle-rive.com\/index.php?rest_route=\/wp\/v2\/pages\/112\/revisions\/338"}],"wp:attachment":[{"href":"https:\/\/villa-belle-rive.com\/index.php?rest_route=%2Fwp%2Fv2%2Fmedia&parent=112"}],"curies":[{"name":"wp","href":"https:\/\/api.w.org\/{rel}","templated":true}]}}